 factors of l(-11).
31
Let g(u) = -203*u - 755. List the prime factors of g(-16).
3, 277
Suppose n + 4*a - 540 = 0, -5*n + 3*a + 2706 = -86. Suppose 0 = 3*k - u - 507 - 343, -2*u = 2*k - n. List the prime factors of k.
2, 3, 47
Let s(m) = -29*m + 16. Let h(q) = q**3 - 6*q**2 + q - 14. Let j be h(6). List the prime factors of s(j).
2, 31
Let l = -3938 + 2357. Let u = l + -2211. What are the prime factors of u/(-32) + (-1)/2?
2, 59
Let u(j) = -2*j - 482*j**3 + 14 + 0*j - 6 + j**2 - 7. Let g be u(1). What are the prime factors of (-5 - -4)/((-962)/g - 2)?
241
Let p = -10 + 10. Suppose p = -6*f + 3*f + d + 13, -8 = 2*d. Suppose -f*s = -10*s + 826. List the prime factors of s.
2, 59
Suppose -k + t + 1286 = 0, -407 - 891 = -k + 5*t. What are the prime factors of k?
1283
Let a be 2/9 - ((-976)/(-18) - 2). Suppose 0 = -5*j + 233 + 127. Let u = j - a. What are the prime factors of u?
2, 31
Let s(r) = -56*r**3 - 4*r**2 + 20*r + 73. List the prime factors of s(-5).
3, 29, 79
Let l be 2/7 - 76/(-28). Let h(o) = -2 - 82*o**3 + 5*o + 8*o**2 + 41*o**3 + 42*o**l. What are the prime factors of h(-7)?
2, 3
Suppose -603*n + 122 = -602*n. Suppose 3914 - n = 16*d. List the prime factors of d.
3, 79
Let l(t) = -t**2 + 2*t - 1. Let o be l(-2). What are the prime factors of ((-2)/4)/(o/10134)?
563
Suppose 3*v = 3*r + 12, 0*v + 2*r = -3*v + 2. Suppose -4*m - 374 = -v*t, -5*t + 2*t + 569 = -2*m. List the prime factors of t.
191
Suppose 5*w = 2*w - 9, 2*w + 2864 = -x. Let v = -1822 - x. List the prime factors of v.
2, 7, 37
Suppose 0 = 16*i - 73737 - 29255. What are the prime factors of i?
41, 157
Let r(d) = -d**2 + 24*d - 86. Let n be r(6). What are the prime factors of (n/10)/(-11)*-5930?
2, 593
Let y be (1 - -2)/(2 - (6 - 5)). Let r = -7 + -9. What are the prime factors of 632/y + r/24?
2, 3, 5, 7
Let q be (-35)/21*18/(-6). Suppose q*s - 404 = -3*x + 466, 4*x = -3*s + 533. What are the prime factors of s?
3, 19
Let y(v) = -155*v**3 - 9*v**2 + 10*v**2 + 14*v**2 + 11*v - 22 + 156*v**3. What are the prime factors of y(-10)?
2, 23
Let j = -12 - -25. Suppose 5*d + 5*h - 2 - j = 0, -5*d + 7 = 3*h. What are the prime factors of 7/(28/16) - (-132 + d)?
137
Let n(y) = 39*y + 1. Let u(m) = m**2 - 5*m - 4. Let r be u(6). Let s be n(r). Suppose 3*o - 2*x - s = 0, 0*o = o - 3*x - 17. What are the prime factors of o?
29
Let a(h) = -2*h**2 - 8*h + 10. Let d be a(-5). Suppose -2*i - 5*m = -3*m - 190, -2*m + 8 = d. Suppose -8*j + i = -7*j. What are the prime factors of j?
7, 13
Let l = 63228 - 35414. What are the prime factors of l?
2, 13907
Suppose -10*h + 110 = 12*h. Suppose 2*n + 988 = 2*r - r, h*r - 4985 = n. List the prime factors of r.
2, 499
List the prime factors of -3 + 2 - (-482)/4*(17 - -3).
3, 11, 73
Let z(o) = -2*o**3 + 5*o - 7*o**2 - 3*o**3 + 44 + 4*o**3 + 41*o**2 + 0*o**3. What are the prime factors of z(34)?
2, 107
Suppose 7875 = -294*t + 297*t. List the prime factors of t.
3, 5, 7
Let t = 17 + -14. Suppose 4*p - 1076 = 2*f, t*f + 259 = p - 0*p. Let b = p + -71. What are the prime factors of b?
2, 5
Let z = -85 - -10. Let f = 384 - z. List the prime factors of f.
3, 17
Let c = 33050 - 23075. List the prime factors of c.
3, 5, 7, 19
Let r = 102 - -756. Suppose -r = -4*p + 1350. List the prime factors of p.
2, 3, 23
Let o(h) = -h + 4. Let c be o(4). Suppose 7*v - 4*v = -c*v. Suppose -4*k = 4*q - 388, -2*k - 4*q + 242 - 48 = v. List the prime factors of k.
97
Let f = -15 + 19. Suppose -f*t - 12 = 2*z + 3*z, 0 = z - 2*t - 6. Suppose 0 = 4*p + 2*q - 250, -5*p + z*p + 5*q = -335. What are the prime factors of p?
2
Suppose 1571700 = -150*s + 357*s - 157*s. What are the prime factors of s?
2, 3, 13, 31
Suppose -14494 = -5*d + 2*z + 8597, z = -4*d + 18465. Suppose 4*j + 5*x - d = 0, x + 5 = 6*x. List the prime factors of j.
1153
Suppose -9*o + 244 = -8*o. Suppose g + o = 29. List the prime factors of (32/20 - 2)*g.
2, 43
Let s = -151 + 150. What are the prime factors of (-1)/((-3)/273) - (-1)/s?
2, 3, 5
Let a(x) = -11*x**2 + 72*x - 14. Let y(w) = -3*w**2 + w. Let l(c) = -a(c) + 4*y(c). List the prime factors of l(-27).
19, 59
Let g(s) = -3*s + 6 + 7 + 8*s**2 + s - 20. What are the prime factors of g(4)?
113
Suppose 0 = -3*x + 2*y + 238680, 3*x + 3*y = 201112 + 37598. List the prime factors of x.
2, 19891
Suppose -14*d = -12*d - 80. Let f = -32 + d. What are the prime factors of f/(-100)*-5*190*1?
2, 19
What are the prime factors of -11 + -11 + 18 - -14178?
2, 19, 373
Let o(i) = -6*i + 166. Let x be o(26). List the prime factors of 269/x - 37/(-370).
3
Let s = -210 + 105. What are the prime factors of (0 - s)*72/24?
3, 5, 7
Let x be 1 + 3289/(-3) + 8/24. Let o = 118 - x. List the prime factors of o.
1213
Suppose 13*z + 5578 = 52053. List the prime factors of z.
5, 11, 13
Let n(t) = 5*t**3 + 136*t**2 - 50*t + 27. What are the prime factors of n(-25)?
2, 1019
Suppose -12*n + 4*k - 12 = -10*n, -4*k - 12 = 4*n. List the prime factors of (-258)/(-162)*327 - n/18.
521
Suppose 4*b + y - 665 = 0, -22*b = -26*b + y + 655. What are the prime factors of (-2463)/(-11) + ((-1470)/b - -9)?
2, 7
Suppose -4*c = -12, -2*c + 33 = 5*w - 6*c. Suppose 3*u - 8*u = -4*u. Suppose 2*t - 25 = -5*d, -5*d + 3*d + 3*t - w = u. What are the prime factors of d?
3
Let v = -158 - -70. Let c = v + 91. Suppose -4*j - 9 = c*y - 2*y, -5*j = -4*y + 27. List the prime factors of y.
3
Suppose -4*a - 7 = -7*a + 5*o, a - 1 = 3*o. Suppose 8*u + 15 = 3*u - 5*d, -4*d = 5*u + 10. What are the prime factors of (19 + 4)*a/u?
2, 23
What are the prime factors of ((20 + -12 - 11) + -1)*493/(-4)?
17, 29
Let v(m) = -m - 10. Let i be v(-5). Let u(o) = -4*o + 31. Let x(b) = -4*b + 30. Let f(p) = i*u(p) + 6*x(p). List the prime factors of f(4).
3
Suppose -v = 3*d - 25144, v - 4356 = -4*d + 29168. What are the prime factors of d?
2, 5, 419
Suppose -4*x + 24 + 7 = h, 5*x + 10 = 2*h. List the prime factors of h.
3, 5
Suppose 5*i + 3*s = 16, -22 = -2*i - 3*i - s. Let g be 0/(-2 + i)*2/(-4). Suppose g = 2*x - 219 - 63. What are the prime factors of x?
3, 47
Suppose -s = -g + 240, 4*s + 0*g + 945 = g. Let f = s - -83. Let o = f + 302. What are the prime factors of o?
2, 3, 5
Let c(j) = -13*j - 39. Let u(o) be the first derivative of -3*o**2 - 20*o + 3. Let s(y) = 6*c(y) - 14*u(y). List the prime factors of s(15).
2, 17
Let j(b) = -2*b**2 + 11*b + 34. Let n be j(-3). Let m(g) = -113*g - 228. List the prime factors of m(n).
1693
Let i be 879/((-161)/35 + 4). Let z = i + 2350. What are the prime factors of z?
3, 5, 59
Let g = 5934 + -143. Suppose 1570 = -9*a + g. What are the prime factors of a?
7, 67
Let w(p) = 1461*p + 1430. What are the prime factors of w(5)?
5, 1747
Let f = 220509 + -130292. List the prime factors of f.
90217
Suppose 2*g + 6 = 0, 2*g - 282 = -f - 0*f. Let t = 420 - f. What are the prime factors of t?
2, 3, 11
Suppose 3*j - 2*m - 4 = 5*j, -3*j - 2*m = 4. Suppose 3*f + 217 = 4*d - 30, -4*d = 5*f - 271. Suppose j = -5*i + d - 4. What are the prime factors of i?
2, 3
Suppose -25420 = 5*h - 4*c, -2*h - 3*c = -5*c + 10168. Let k be 6/2 + h/4. What are the prime factors of 1/3 + -3*k/36?
2, 53
Let r(u) = u**3 - 24*u**2 - u - 50. Let w be r(23). Let y = w + 1176. What are the prime factors of y?
2, 7, 41
Let r(j) = 22*j**2 - 3*j - 32. Let l be r(7). Let k = -12 + l. List the prime factors of k.
1013
Let p(j) = 2*j**3 + j**2 - j + 1. Let s be p(-2). Let t(g) = 4*g - 1. Let z(r) = 136*r - 60. Let u(d) = 32*t(d) - z(d). What are the prime factors of u(s)?
2, 5
Suppose 0 = -2*s - 3 + 7. Let u(y) = 4 - 8*y + 16*y**2 + 5*y - 21 + 2*y**2 + s*y**3. What are the prime factors of u(-9)?
2, 5
Let t(s) = s**2 - 43. Suppose 129*p + 30 = 126*p. List the prime factors of t(p).
3, 19
Let b(d) = 32*d - 89. Let v(p) = -p**2 - 20*p + 52. Let n be v(-22). What are the prime factors of b(n)?
167
Let h(a) = 2885*a**2 - 6*a - 1448*a**2 - 1445*a**2 + 42 + a**3. What are the prime factors of h(14)?
2, 3, 7
Let n = -89 + 97. Let j be n/(-12) - 42/(-9). Suppose 2*s + 3*b = -b + 300, -j*s = 4*b - 616. List the prime factors of s.
2, 79
List the prime factors of 561/(-204) + (-39081)/(-12).
2, 1627
Suppose -5*k - 3*z = -k - 11, 8 = 3*k + 2*z. List the prime factors of ((0 + 18)/(-3))/k - -1077.
2, 3, 179
What are the prime factors of (206/(-10) + 25)*1